t is the remainder when 437 is divided by o?
17
Let y be (408/119)/(2/91). Let p = -145 + y. What is the remainder when 162 is divided by p?
8
Let h(b) = 15*b - 12. Let k be h(1). Suppose k*f + 20 = 32. Suppose -3*w - 2*w = -70. What is the remainder when w is divided by f?
2
Let t(x) = 206*x**2 + 79*x + 599. What is the remainder when t(-8) is divided by 22?
17
Let r = -395 - -403. What is the remainder when (123 + -1)/(1/(4/r)) is divided by 3?
1
Let y = 56 - 63. Let c(w) = -8*w - 55. Let p(z) = -8*z - 54. Let o(f) = -5*c(f) + 4*p(f). Calculate the remainder when 4 is divided by o(y).
1
Suppose j - 42 = 2*n, 22 - 12 = -5*n. Calculate the remainder when 999 is divided by j.
11
Let m(c) = 2*c**2 + 95*c + 799. Suppose -500 = z - 6*z - g, 2*z - 203 = -g. What is the remainder when z is divided by m(-37)?
11
Let q(t) = t - 31. Let i(b) = -5*b + 125. Let l(x) = 4*i(x) + 15*q(x). Let k be l(6). Suppose -k*u + 43 = -27. Calculate the remainder when 81 is divided by u.
11
Let m = -1705 + 1753. What is the remainder when m is divided by 7?
6
Let y be (-3)/(-2)*((-12)/(-4) + 71). Let k = y + -60. Calculate the remainder when k is divided by (-132)/(-10) + 2/(-10).
12
Let o = 132 + -46. Suppose 5*d + 5*t - o - 444 = 0, 0 = -5*d + 3*t + 562. Calculate the remainder when 549 is divided by d.
109
Let z be ((-30)/18)/((-5)/675). Calculate the remainder when (-6900)/z*(-3)/2 is divided by 18.
10
Let p(z) = z**2 + 0 - 12 - 8*z + 0 - 5. Calculate the remainder when p(14) is divided by (1 - 2)/((-7)/119).
16
Let t(s) = 23*s - 39. Suppose -f + 3 + 0 = 0. Calculate the remainder when t(4) is divided by 2/f - (-156)/9.
17
Let u = 511 + -494. Let d(j) = j**3 + 6*j**2 - 5*j - 1. What is the remainder when d(-4) is divided by u?
0
Suppose 5*a - 10 = 0, 0 = -i + 4*a + 15 + 7. Calculate the remainder when 34 is divided by i.
4
Let m(o) = -36*o - 208. Let i be m(-6). Suppose i*z = -10*z + 1242. Calculate the remainder when z is divided by 14.
13
Let i = 1908 - 1906. Let g(n) = -6*n**3 + n + 2. Let q(o) = -o**3. Let d(l) = -g(l) - q(l). Calculate the remainder when d(i) is divided by 18.
16
Let f be (-100)/24 + 4 + (-76)/(-24). Suppose -4*b - f*b + 14 = 0. What is the remainder when 8 is divided by ((-2 - -2) + 1)/(b/4)?
0
Let b(q) be the second derivative of 2*q**3/3 + 129*q**2/2 - 13*q. What is the remainder when b(-18) is divided by 9?
3
Let y(o) = 175*o + 61. Let a be y(-2). Let f = a + 317. Calculate the remainder when f is divided by 17.
11
Suppose -z + 7 + 3 = l, 2 = -2*z. Let h = -125 - -129. Calculate the remainder when l is divided by h.
3
Let k(l) = -2*l**3 - 3*l - 1. Let j = 83 - 11. What is the remainder when k(-3) is divided by 9/j*132 + (-2)/4?
14
Suppose 2*p - 113 = l, 13*l = 12*l + 5*p - 107. Let s = l - -130. What is the remainder when 699 is divided by s?
10
Suppose -5*a - 1733 = 3*s - 1745, 0 = -5*a + 5*s - 20. Suppose h = -3*h + 6832. Suppose 7*x + 7*x - h = a. What is the remainder when x is divided by 42?
38
Suppose -14*w - 100 = -18*w. Calculate the remainder when w is divided by (-410)/(-40) - 6 - 1/4.
1
Suppose 1456 = r + 4848. Suppose 4*u + 5*y = 9, -13*u + 31 = -17*u + 3*y. What is the remainder when ((r/(-24))/u)/(2/(-9)) is divided by 27?
24
Let u be (-4*94/(-4))/(-2). Let j be 2*5/10 + 68. Let v = j + u. What is the remainder when v is divided by 12?
10
Let d(a) = 186*a + 14. What is the remainder when 1242 is divided by d(0)?
10
Let v(n) be the first derivative of n**4/4 + 11*n**3/3 + 12*n**2 - 12*n + 134. Calculate the remainder when 125 is divided by v(-7).
13
Suppose 0 = -2*h - 4*v - 144, 0*h - 210 = 3*h + 4*v. Calculate the remainder when 61 is divided by (-2)/(-8)*-2*h.
28
Suppose 3786 = -14*t - 1912. Let u = t + 471. Calculate the remainder when 511 is divided by u.
63
Suppose 5*o - 4*f + 40 = 0, 0 = -o - 2*f - 2*f + 16. Let t(h) = -10*h. Let l be t(o). Suppose l - 367 = -3*v. Calculate the remainder when v is divided by 23.
17
Let i be 24/42*-54*-7. Suppose 4*a = -d - 357, -i = 2*a + 3*d - 35. Let j = a - -120. What is the remainder when 82 is divided by j?
20
Suppose 0 = -4*s - 8*m + 6*m + 15420, -5*s + 19275 = 4*m. Calculate the remainder when s is divided by 203.
201
Suppose -2821 = -172*i - 1532 + 2839. Calculate the remainder when 748 is divided by i.
4
Suppose -246*p = -242*p - 16. Suppose -p*d - 108 = -4*v + 176, -219 = -3*v - 3*d. Calculate the remainder when 82 is divided by v.
10
Suppose -l = c - 16, 0*l + 17 = 2*c - l. Suppose 0 = 16*y - y - 195. Calculate the remainder when y is divided by c.
2
Let q(y) = -8 - 4 - 6*y**3 + 11 + 2*y**2 + 5*y**3. Let a(b) = b**3 + 4*b**2 - 2*b - 3. Calculate the remainder when a(-4) is divided by q(-1).
1
Let s(q) = -3 + 8*q**3 - 7*q**3 - 15*q + q**2 - 8*q**2 + 4*q. Calculate the remainder when s(9) is divided by 9*100/30 + -9.
18
Suppose -12*h + 750 = -781 + 499. Calculate the remainder when 363 is divided by h.
19
Let c = 495 - 243. Let j = 304 - c. What is the remainder when j is divided by 11?
8
Let p(t) = -23*t**3 - 83*t**2 - 165*t + 7. Calculate the remainder when 7369 is divided by p(-2).
187
Let a(y) = 9*y**2 - 19*y**2 + 9*y**2 + 15*y - 34 - 2*y. Let i be a(10). Let o = i - -21. What is the remainder when 168 is divided by o?
15
Let c = 180 - 206. Calculate the remainder when 38 is divided by (24/(-8))/(6/c).
12
Let v be -3*(-2)/(-6) + 2. Suppose 2*x + 5 - v = 0, 5*z - 2*x - 49 = 0. What is the remainder when 116 is divided by z?
8
Suppose -3*o - 99 = -3*a, 47 = a - 2*o + 18. Let r(u) = u**3 - 36*u**2 - 36*u - 20. Calculate the remainder when (-324)/(-10) - (-4)/(-10) is divided by r(a).
15
Let p(w) = w**3 + 98*w - 509. Calculate the remainder when 227 is divided by p(5).
15
Suppose -3*k - 5*w = -6909, k - 138*w = -136*w + 2281. What is the remainder when k is divided by 82?
79
Suppose -22 = -3*w + 47. Suppose 24*k + 8*k = 160. Calculate the remainder when w is divided by k.
3
Let h = -4916 - -5185. Calculate the remainder when h is divided by 11.
5
Let b = -304 + 215. Let y = 23 - b. Calculate the remainder when y is divided by 39.
34
Let y(c) = -156 - 30*c + 24 + 19*c. Calculate the remainder when y(-18) is divided by 29.
8
Let m(r) = -r**3 - 43*r**2 - 15*r - 106. Calculate the remainder when m(-44) is divided by 39.
33
Let l(s) = 18*s - 2. Let k be l(2). Suppose 2*g + h = k, -g - 2*h + 86 = 4*g. Let w = -1886 - -1897. What is the remainder when g is divided by w?
7
Suppose 4*h - 2*h = 5*y + 135, -y - 196 = -3*h. Let f = h + -4. Calculate the remainder when f is divided by 16.
13
Calculate the remainder when 3/((2/(-5210))/(98/(-294))) is divided by 4.
1
Let u(o) = -46*o**2 + o + 2. Let d = -21 - -20. Let l be u(d). Let t = l + 55. What is the remainder when 27 is divided by t?
7
Suppose t = -5*b + 46, 3*t + b - 190 = -b. Let l = t - 43. Let x = 12 + 79. What is the remainder when x is divided by l?
22
Let j(s) be the third derivative of 23*s**5/60 + s**4/6 - 13*s**3/6 - 2*s**2 + 1. Calculate the remainder when j(-3) is divided by 8.
6
Let s(n) = -218*n**2 - n. Let g be s(1). Let t = 230 + g. Let w = 14 - -39. Calculate the remainder when w is divided by t.
9
Let y = -8270 + 11855. Calculate the remainder when y is divided by 22.
21
Let q = 351 - 214. Let m = -144223 - -144293. Calculate the remainder when q is divided by m.
67
Let w(u) = -84*u - 3. Let s be w(2). Let v = 246 + s. Let i = v + -38. What is the remainder when i is divided by 10?
7
Let o = 237 + -115. Let q = o + -80. Calculate the remainder when q is divided by -11*(-2)/4*2.
9
Let j(w) = -w**3 + 3*w**2 + 2*w - 3. Let m be j(2). Suppose q = 2*o - 83, m*o + 203 = 10*o - q. Calculate the remainder when 279 is divided by o.
39
Let d(f) = -2*f**3 + 42*f**2 - 54*f + 796. Calculate the remainder when d(20) is divided by 127.
8
Suppose -5*o - g + 0*g + 968 = 269, 0 = g + 6. Let y = -1 + 50. Calculate the remainder when o is divided by y.
43
What is the remainder when (-1017 - 27)/(-3 + (2 - 0)) is divided by 11?
10
Suppose -48 = 22*q - 6*q. Let d(m) = 19*m**2 - 11*m - 8. What is the remainder when d(q) is divided by 50?
46
Let n be 527/62 - (-1 + 1/2). Suppose 0 = -2*w - 1 + n. Suppose r - 24 = -2*r + w*q, -8 = -r + 2*q. Calculate the remainder when 45 is divided by r.
5
Calculate the remainder when 4390/(-8)*-1 + 4*4